6*k - 0*k. Suppose -4*i - 49 = -3*n, -3*i + 40 - k = 2*n. What is the units digit of n?
5
Suppose -2689 = 6*v - 4065 - 6694. What is the thousands digit of v?
1
What is the tens digit of 14833 + 2 + 11*(2 + -3)?
2
Let h(x) = x**2 + 15. Let c be h(0). Suppose -5*i - 26 = 4*k + c, 6 = k - 2*i. What is the tens digit of 95*1/(5 + k)?
9
Suppose -5*f + 5*q = -10170, 2*q = -5*f + q + 10182. Suppose -3*u + 9 = 0, 5*r - u - f = 2*u. What is the hundreds digit of r?
4
What is the thousands digit of ((-22232)/(-168))/(2/30)?
1
What is the ten thousands digit of (0 + 8)/((-4)/(-233332)*11)?
4
Let l(j) = 187*j + 2822. What is the tens digit of l(3)?
8
Suppose 2*v = 2, 4*h - 56 = v + 3. Suppose 2*s - h = -3*y + 124, 5*y + 179 = 2*s. Let m = 117 - s. What is the units digit of m?
0
Let h be (7/4)/(3/(-12)). Let o(b) = 15*b + 176 + 4*b**2 - 6*b + 200 - 517 + 176. What is the tens digit of o(h)?
6
Let k = 12 + -8. Suppose -12 = -3*b - k*c, b - 5*c - 4 = -c. Suppose 0 = 2*u + 4*y - 94, 0 = 2*u + b*y - 3*y - 97. What is the units digit of u?
9
Let x(t) be the second derivative of 7*t**8/480 + t**7/2520 + 13*t**4/12 - 10*t. Let n(m) be the third derivative of x(m). What is the units digit of n(1)?
9
Let y = 13570 + -13424. What is the units digit of y?
6
Let y = -138 - -136. What is the units digit of 2/y*60/(-6)?
0
Let l = 4197 - 2663. Let x be 4/6 - l/(-3). Suppose -48 = -7*k + x. What is the tens digit of k?
8
Let w(d) = 9*d - 139 + 75 - 3*d + 13*d. Let b(y) = 2*y - 7. Let v be b(11). What is the tens digit of w(v)?
2
Suppose -4*i + 75 = x, x - 2*x + 5*i + 102 = 0. Let p = 89 - x. What is the tens digit of 1/(p*(-3)/(-1050))?
7
Let b(i) = 11*i**2 + 7*i + 2. Let t be b(-1). What is the hundreds digit of (t/(-8))/(30410/30440 + -1)?
7
Suppose 8 = i + 2*i - 4*w, -4 = i + 2*w. Suppose 4*s + 15 = 5*n, n + i = 5*s + 3. What is the units digit of (3*(-6)/2)/((-1)/n)?
7
Let j be 19/4 - 15/(-60). Suppose -5*d + 243 = -j*q - 167, 2*q = d - 87. Suppose -1 = -3*p + d. What is the tens digit of p?
2
Suppose -3*f + 2*q + 12 = 0, -2*f - q = 2*q + 5. Suppose 4*p + 361 = -f*x + 107, 2*p + 139 = -5*x. Let k = 79 + p. What is the tens digit of k?
1
Let g = -4581 - -6561. Suppose 0 = -4*c + 3*t + g, 265 = -2*c + 2*t + 1257. What is the hundreds digit of c?
4
Let u be 10 - 1 - (6 + -4). What is the tens digit of (-384)/(-2) + u + 16/(-4)?
9
Suppose 7 - 62 = -5*a. Suppose 7*m = 3*m - i - 7, 0 = -4*m + 3*i - a. What is the tens digit of (2/6)/(m/(-594))?
9
Let z(v) = 39*v**2 + 2*v - 18. Let d be z(-5). Suppose -4*q + d = 3*w, 0*w + 3*w = 4*q + 955. Let n = w - 176. What is the tens digit of n?
4
Let n be (-4 - 0) + (-1131)/(-87). Suppose -n*h + 32*h = 11776. What is the hundreds digit of h?
5
Suppose 3*h = 3419 + 5794. Suppose 0 = 2*m + 2*d - 582 - 650, -5*m + h = 2*d. What is the hundreds digit of m?
6
Let t = 3809 - 2129. Suppose n + t = 4*s, -4*s + 0*s - 2*n = -1692. What is the units digit of s?
1
Suppose 4*d - 5*c - 124405 = 0, 0 = -8*d + 5*d + c + 93323. What is the thousands digit of d?
1
Suppose 0 = -3*u - 5*q + 424, 3*q - 882 = -4*u - 313. Suppose -u = -p + 41. What is the tens digit of p?
8
Suppose -4*u + 24 = 8. Suppose c + 2929 = 4*i, 2*c - 2926 = -4*i + u*c. What is the tens digit of i?
3
Suppose 0 = 2*j - 17*z + 12*z - 67124, -j + 33565 = -3*z. What is the hundreds digit of j?
5
What is the units digit of 4 + 39329 + (-3 - (-102)/24)*-4?
8
Let h(c) = -1076*c - 3556. What is the tens digit of h(-32)?
7
Suppose 181*k + 138127 = 192*k. What is the tens digit of k?
5
Suppose 4*b + 18 = 3*k, 5*b = 2*k + b - 16. Suppose 2*d + 183 = t, 4*d - 360 = -k*t + 2*d. What is the tens digit of t?
8
Suppose 35460 = -29*f + 59*f. What is the units digit of f?
2
Suppose 0 = -7*n + 5825 - 1709. Suppose -5*z - n = -2818. What is the hundreds digit of z?
4
Let l(m) = 17*m**2 - 23*m + 4. Let i be l(4). Suppose 3*x - 174 = 2*v + v, 3*x + 2*v - i = 0. What is the units digit of x?
0
Let i be (-58)/6 + ((-16)/(-12))/2. Let t be (5 - (-129)/(-27))*i/(-1). Suppose t*m - 67 = 163. What is the tens digit of m?
1
What is the tens digit of (-5812)/(-10) + 1/(-5) + (-53)/(-53)?
8
Let l(x) = -3*x. Let c(g) = 28*g - 51. Let t(w) = -2*c(w) - 2*l(w). What is the units digit of t(-5)?
2
Let y be 46/(3 + (-311)/104). What is the tens digit of 2/6 + y/(-72)*-24?
9
Suppose -2*l + 10 = -8. Let f be (-1 - -26)*l + -3. Suppose -940 = -227*v + f*v. What is the units digit of v?
8
Let h(s) = s**2 - 26*s + 125. Let m be h(6). Suppose t - 892 = 4*v - 220, m*t - 3309 = 3*v. What is the units digit of t?
0
Let j(i) = 37*i**2 - 51*i - 559. What is the tens digit of j(-8)?
1
Let d(q) be the third derivative of 29*q**5/20 + q**4/12 - 11*q**2. Let k be d(2). Suppose 7*x - k = -x. What is the tens digit of x?
4
Let h be 3/(-9) + (-128)/(-24). Suppose 2*d = 0, -2*a + 397 = h*d - 707. What is the tens digit of a?
5
Let n be 5/15*-3 + 24. Let d = n - 14. Suppose 5*l = d*l - 580. What is the units digit of l?
5
Suppose 2*o - 122461 = -5*a, -o = 22*a - 26*a + 97948. What is the hundreds digit of a?
4
Suppose -3*g - 5*w = -209, 76 = g + w + 5. Let b(y) = 1311 - g*y - 1311. What is the tens digit of b(-1)?
7
Suppose w = 5*h + 20217, 2*h = 4*w + 14013 - 94773. What is the units digit of w?
7
Suppose -412*v = -451*v + 283140. What is the tens digit of v?
6
Suppose h + 5*w + 17 = 0, w = 5*w + 16. Suppose 0 = -6*p + 5*p + 4*n + 493, p + h*n - 521 = 0. What is the hundreds digit of p?
5
What is the hundreds digit of 227339*(150/105)/5?
9
Let o(m) = -236*m - 203. Let q be o(-6). Let i = -25 + q. What is the thousands digit of i?
1
Let s(f) = 36*f**2 + 67*f + 5. What is the tens digit of s(-12)?
8
Let x(z) = -z**3 - 24*z**2 - 63*z + 14. Let q be x(-21). Let d(t) = 6*t**2 + 46*t + 26. What is the thousands digit of d(q)?
1
Let w = 32 - 53. Let k = w + 24. What is the tens digit of (k - (-7)/(-3))*36?
2
Let l = 515 + -512. Suppose -m - 84 = l*y - 426, 4*m - 1401 = -y. What is the hundreds digit of m?
3
Let h be (-30)/225 + 122/15. Suppose 2*v = 6*v + h. What is the units digit of (6/8 + v/(-8))*73?
3
What is the tens digit of (-45888864)/(-7392) + 1/11?
0
Let z = 38861 + 19179. What is the thousands digit of z?
8
Suppose -12*l + 5*l - 182 = 0. Let p be (-1190)/(-130) + (-1)/(l/(-4)). Suppose -p*i + 46 = -809. What is the units digit of i?
5
Let q(y) = 86*y - 72. Suppose 5*p + 5*h = 37 + 3, 5*p = -h + 48. What is the tens digit of q(p)?
8
Suppose -4*b = -5*l + 43, 2*l = -0*l + 2*b + 18. Suppose 0 = -p + l. Let c(t) = t**3 - 3*t**2 - 5*t - 12. What is the hundreds digit of c(p)?
1
Suppose -2*f + 6239 + 4710 = 963. What is the thousands digit of f?
4
Suppose 3*f + 2*f - 5038 = 3*b, -2*f = -2*b - 2016. Suppose 2560 = 5*s - 3*a + 4*a, -2*s = -3*a - f. What is the tens digit of s?
1
Let v = 88 + -184. Let s = v + 30. What is the tens digit of (s/44)/(3/(-92))?
4
Suppose 964 = 11*h + 5177. Let n = 1281 - h. What is the hundreds digit of n?
6
What is the thousands digit of 11/((-44)/3)*124*-67?
6
Suppose 13501 = 2*s - 2937. What is the tens digit of s?
1
Let j = 71 + -71. Suppose j = 4*p + t - 436, -2*p + 258 = -3*t + 26. What is the tens digit of p?
1
Let a(w) = -w**3 - 6*w**2 + 10*w + 9. Let l be a(-8). Let d = 47 - l. What is the units digit of (-5)/(1 + 9)*1*d?
5
Let v(a) = -a**2 + a + 2. Let q(g) = -409*g**2 + 15*g - 6. Let c(r) = -q(r) + 3*v(r). What is the units digit of c(1)?
6
Let b(w) = -10*w - 5. Let i be b(-4). Let y = i - 32. Suppose 4*j - y*j = 46. What is the tens digit of j?
4
Suppose 62*h - 296813 - 111023 = 0. What is the tens digit of h?
7
Let a(y) be the first derivative of -y**5/120 + y**4/24 + 7*y**3 - 20. Let m(r) be the third derivative of a(r). What is the units digit of m(-7)?
8
Suppose -351 = -6*v + 339. Suppose m - 17 + 6 = -h, 2*h = -m + 10. Suppose 2*w = -8*x + m*x + 46, -5*w + 2*x = -v. What is the units digit of w?
3
Suppose 2*w - 8 = 0, 5*u - 10*u + 3 = -3*w. Suppose -3*m - 4*r + 4980 = m, -u*r - 3 = 0. What is the tens digit of m?
4
Suppose -21*y = -20*y + 3, -91831 = -5*u + 2*y. What is the tens digit of u?
6
Suppose 6*d = -779 + 3089. Suppose -4*s - t = -2*t - d, -4*t = 4. Suppose -5*x + 436 = s. What is the tens digit of x?
6
Let x be 6/(-21)*(1 + -2)*203. Suppose 4*n = -0*n + 2*s + x, 54 = 3*n + 2*s. Wh